t y be (-32)/(-6) - 2/(-3). Let t = w + y. List the prime factors of t.
11
Suppose 2*j - 2*y = -20, -5*y = -3*j - 0*y - 40. What are the prime factors of (-63)/j - (-6)/15?
13
Suppose -3*r + 2*v + 283 = -5, 0 = r + 2*v - 104. List the prime factors of r.
2, 7
Let z = -4 + 25. Suppose 0 = 2*s + 3*s + 65. Let m = z + s. List the prime factors of m.
2
Suppose 2*w + 2*q - 4*q - 20 = 0, 3*w - 5*q = 20. What are the prime factors of 141/w + 2/(-5)?
3
Let u(g) = g**3 - g**2 + g + 1. Let s(z) = -36*z**3 + 4*z**2 - 2*z - 5. Let h(q) = -s(q) - 4*u(q). What are the prime factors of h(1)?
31
Let l = -5 + 5. Suppose 4*h + 5*i + l = 22, 0 = h + 4*i. List the prime factors of h.
2
Let h be ((-40)/12)/((-2)/3). Suppose 4*y + 30 = 2*f - 0, 50 = -5*y + h*f. List the prime factors of y/3*(3 + -9).
2, 5
Suppose -9 + 1 = -2*v. Suppose -5*a = i - 16, 3*i = 4*i + v*a - 15. What are the prime factors of i?
11
Let q be (-1 - 0)/(1/3). Let m be 12/(-2)*(-10 + 11). Let u = q - m. List the prime factors of u.
3
Let j(v) = -v + 1. Let m be j(-8). Suppose -4*p + 11 = -m. What are the prime factors of p?
5
Let w(s) = 6*s - 2. Let j(h) = -h + 8. Let p be j(6). Let f be w(p). What are the prime factors of (2 + -4)/(f/(-15))?
3
Let h be (-2)/12 - 69/18. What are the prime factors of (-6)/h - 105/(-6)?
19
Let d(k) be the first derivative of k**3/3 - 5*k**2/2 + 5*k + 2. Let z be d(4). List the prime factors of z/(-3) + 19/3.
2, 3
Let o be 4/(-14) - (-74)/14. Suppose -o*j - 3*v + 13 = -7*j, 0 = -3*j + 3*v - 15. What are the prime factors of 13/5 + j/(-5)?
3
Suppose 3*a - 2*g = 2*g + 283, -481 = -5*a + 2*g. List the prime factors of a.
97
List the prime factors of 91 + 1 + 1 + 1/1.
2, 47
Suppose 4*r + 17 = 5*r. Let i(o) = 6*o**3 - 1. Let a be i(1). Suppose -4*q = -3*h - 35, -a*q + h = -r - 13. List the prime factors of q.
5
Suppose 4*b + j - 21 = 0, -3*j - 33 = -7*b + 3*b. Let t(w) = 3*w**2 - 11*w + 4. List the prime factors of t(b).
2, 23
Let z = -8 + 19. What are the prime factors of z?
11
Suppose -98 = -2*h - 4*x, -3*x + 4*x = -5*h + 200. List the prime factors of h.
3, 13
Let l = 53 + -21. Suppose -r = -3*r + l. List the prime factors of r.
2
Let d(l) = -2*l - 3. Let u = 0 + 0. Suppose u = w - 0*w + 6. What are the prime factors of d(w)?
3
Let l = 17 + -8. Suppose x - 4*a = 2*x - l, 0 = 4*x + 3*a - 23. Suppose -2 - x = -f. What are the prime factors of f?
7
Let z(r) = -r**3 + 13*r**2 - 13*r + 18. What are the prime factors of z(12)?
2, 3
Let n = 5 - -8. What are the prime factors of n?
13
Let x(g) = 2*g**3 - 6*g**2 + g + 4. What are the prime factors of x(4)?
2, 5
Let c(z) = z**3 - z**2 + 4. Let g be c(0). Suppose 0*p - 8 = g*y + p, 0 = -5*y + 4*p + 11. What are the prime factors of 11 + (y + 1)/2?
11
Suppose b + 0 + 1 = 0. List the prime factors of 6/(-3) + b - -5.
2
Let r = -100 - -193. What are the prime factors of r?
3, 31
What are the prime factors of 6/18*(1 - -110)?
37
List the prime factors of -2 + 4 + -2 - -132.
2, 3, 11
List the prime factors of (-40)/(-10) - (-87 + -1).
2, 23
Let w be ((-84)/(-10))/((-1)/(-5)). Let a = 75 - w. Suppose 0 = -5*t - 5*g + 65, t = -4*t + 3*g + a. What are the prime factors of t?
3
Suppose -9*i = -5*i - 476. What are the prime factors of i?
7, 17
Let x be (-1)/1 + (-209)/(-11). Let g = 10 + x. What are the prime factors of g?
2, 7
Suppose -8*t + 9*t = 0. Suppose -82 = -5*s - z, -s + 4*z + 5 + 24 = t. What are the prime factors of s?
17
Suppose -y - 3*y = -16. Let g = -1 + 2. Let m = y - g. What are the prime factors of m?
3
Let h(z) = 3*z**2 - 3*z + 1. List the prime factors of h(2).
7
Suppose 2*d - 4 = 4*m, -5*m + 0*m = 0. Suppose 2*v - 4 = -d*v - 4*r, r = -5. What are the prime factors of v?
2, 3
Suppose 4*g + 2*h - 10 = 0, 0*h = -5*g - h + 17. Suppose g*d - d = 48. List the prime factors of d.
2
Let z be 5 - 2*(-9)/6. Let v = 20 - z. List the prime factors of v.
2, 3
Suppose 0 = -2*p - 0*p - 2*g - 12, 0 = -p + 3*g - 26. Let m = -3 - p. List the prime factors of m.
2
Let r(x) = -10*x + 2. Let h(u) = -9*u + 2. Let s(p) = 6*h(p) - 5*r(p). List the prime factors of s(-3).
2, 7
Let k(p) = 4*p + 2. Suppose 2*m = -0*m + 4. What are the prime factors of k(m)?
2, 5
Let r(l) = -4*l - l**3 + 7 + 4*l + 5*l**2 - l. What are the prime factors of r(5)?
2
Let f = 0 - 0. Suppose f*m + 2*m - 64 = 0. Suppose 3*u + q + 3*q = 10, -4*u + 4*q + m = 0. List the prime factors of u.
2, 3
Let d = 32 - 20. Suppose -3*r + d = -0. Suppose -s + 2 = 0, -r*s + 0 + 14 = 2*k. What are the prime factors of k?
3
Let h be -13 - ((-3)/1)/1. Let o be (-4)/3*3/(-1). List the prime factors of o/10 + (-16)/h.
2
Let z be 2/(-11) - 4/(-22). Let q = -17 - -47. Suppose 0 = -z*y + 3*y - q. What are the prime factors of y?
2, 5
Suppose -5*w - u + 13 = -9, -5*w = -3*u - 14. List the prime factors of w.
2
Suppose 18*u - 13*u = 235. What are the prime factors of u?
47
Suppose 2*l + 0*s = 3*s + 11, 39 = 5*l + 4*s. List the prime factors of 3*(l/3 - -1).
2, 5
Let a = -16 + 46. What are the prime factors of a?
2, 3, 5
Suppose -3*i + 2*a = -110, 5*i - 21 = -2*a + 189. What are the prime factors of i?
2, 5
Let h be 0 - 0/(-2 - 0). Suppose h = 3*r - 3. What are the prime factors of (3 + -2 - -1)/r?
2
Let m(x) = x**3 - 5*x**2 + 5*x - 2. Let v(i) = i**2 - 3. Let f be v(-3). Suppose 0 = c + 2 - f. List the prime factors of m(c).
2
Let c = 5 - 0. Suppose 151 = 4*d - k, c*d + 4*k = d + 176. Let r = d + -21. List the prime factors of r.
2, 3
Let i be 4/14 - 19/(-7). Let g(b) = 5*b + 4. What are the prime factors of g(i)?
19
Let m = 4 + -2. Let u(j) = 5*j**2 - 2 + 7*j - 2 + j**3 - m*j**3. What are the prime factors of u(6)?
2
Let y(t) = -t**3 + 4*t**2 + 6*t - 5. Let o be 2 + -1 + -1 + 4. What are the prime factors of y(o)?
19
List the prime factors of 5 - 1838/(-5) - 2/(-5).
373
Let v = -64 - -135. What are the prime factors of v?
71
Suppose 0 = -5*b - 5. Let r be 0/(b + (-2 - -1)). Suppose -f = -r*f - 11. List the prime factors of f.
11
Let m(f) = 21*f**2 + 2*f + 1. Suppose c = -2*o - 0*c + 1, -4*c + 7 = 5*o. What are the prime factors of m(o)?
2, 5
Let z = 5 - 8. Let g = 6 + z. List the prime factors of g.
3
Let f = 5 - 5. Suppose 3*w + w - 76 = f. List the prime factors of w.
19
What are the prime factors of ((-4)/(-8) - 1) + 565/2?
2, 3, 47
Suppose -u + 4 = 1. Let q(h) = u - 2 - 2*h + 3*h. List the prime factors of q(7).
2
Let w = 152 - 79. List the prime factors of w.
73
Let x = 159 + -97. What are the prime factors of x?
2, 31
Let d(s) = s**2 - 2*s. Let m be d(2). Let h be -2*(-1 + m + 0). What are the prime factors of h/6 + 16/6?
3
Let r be -1 + 3*-5 + 0. Let h = -22 + 15. Let f = h - r. What are the prime factors of f?
3
Suppose 14*w - 353 - 473 = 0. List the prime factors of w.
59
Let l(b) be the third derivative of b**6/120 + b**5/60 + b**4/24 + b**3/3 - b**2. What are the prime factors of l(0)?
2
Suppose -5*k - 10 = -2*r + r, -2*r = -5*k - 15. Suppose 0 = -r*l + 14 + 106. Suppose -1 = m + 3, 0 = 2*x - m - l. What are the prime factors of x?
2, 5
Let i(x) = x + 9. Let d be i(-5). Suppose d*y + 2*p = 38, -y + 0 = -p - 8. List the prime factors of y.
3
Let u(f) = -f**2 - 6*f - 3. Let t be u(-4). Let c be 0*(-4)/12 - 10. What are the prime factors of (-16)/c*(t - -5)?
2
Let j = 30 + -15. Suppose -62 = 5*s - 4*i, -s - 5*i = 4*s + 35. Let z = j + s. List the prime factors of z.
5
Let h = -93 + 150. What are the prime factors of h?
3, 19
Let f be (-6)/12*2*-1. Let m(c) = 8*c**2 - 1. List the prime factors of m(f).
7
Let o be 2/(-7) - 96/(-42). Suppose -6 = -4*v + 30. Suppose p - 7 = -o*h, v + 0 = 3*h + p. What are the prime factors of h?
2
Let m = -3 - -3. List the prime factors of 7*(m - (-2 + 0)).
2, 7
Let p be 3*3*2/9. Let k be 94/p - 3/1. Suppose -4*b + k = -0. What are the prime factors of b?
11
Let y be 0 + -2 + 8 - 2. Let b(f) = 6 - 2*f - 1 - y. What are the prime factors of b(-3)?
7
Suppose -5*w - 21 = 4*y, -5*y + 3 = -2*y. List the prime factors of -2*(225/6)/w.
3, 5
Let g(w) = w**2 - 6*w + 6. Let y(x) = x + 14. Let a(m) = m**3 + m - 8. Let n be a(0). Let c be y(n). List the prime factors of g(c).
2, 3
Suppose -1 = n + 13. Let s = 20 + n. What are the prime factors of s?
2, 3
Let g = 22 - -47. List the prime factors of g.
3, 23
What are the prime factors of ((-12)/(-5))/((-1)/(-5))